NOAA Style Climate Reports


Report for June 2020
                   MONTHLY CLIMATOLOGICAL SUMMARY for Jun 2020


NAME: Allen Weather                  
ELEV: 672 feet    LAT: 33-05.77 N    LONG: 096-41.79 W


                   TEMPERATURE (F), RAIN (in), WIND SPEED (mph)

                                         HEAT   COOL         AVG
      MEAN                               DEG    DEG          WIND                   DOM
DAY   TEMP   HIGH   TIME    LOW   TIME   DAYS   DAYS   RAIN  SPEED   HIGH   TIME    DIR
---------------------------------------------------------------------------------------
 01   78.4   88.9  15:40   68.9  06:34    0.0   13.4   0.00    0.8   10.0  15:29    165
 02   80.5   90.8  15:05   69.9  06:21    0.0   15.5   0.00    0.9    9.0  16:10    171
 03   84.2   94.9  17:24   73.2  06:18    0.0   19.2   0.00    1.2   10.0  10:50    183
 04   86.1   97.5  15:32   75.6  06:09    0.0   21.1   0.00    1.8   12.0  16:25    187
 05   87.1   97.3  15:47   77.7  06:53    0.0   22.1   0.00    1.4   18.0  00:28    190
 06   86.6   97.7  16:18   75.3  06:40    0.0   21.6   0.00    0.8    7.0  07:46    196
 07   84.7   94.1  15:46   75.4  06:36    0.0   19.7   0.00    0.9   10.0  15:02    133
 08   86.9   97.0  18:00   76.7  06:33    0.0   21.9   0.00    0.7    9.0  11:31    313
 09   87.8   98.7  14:26   73.4  23:59    0.0   22.8   0.00    3.5   26.0  21:45    293
 10   76.3   88.4  16:22   64.1  06:34    0.0   11.3   0.00    3.8   19.0  17:06    318
 11   78.7   91.8  17:04   64.7  03:52    0.0   13.7   0.00    0.6   12.0  16:43     94
 12   79.7   92.8  16:10   65.8  05:21    0.0   14.7   0.00    0.7    7.0  12:44    166
 13   82.0   94.4  16:05   67.5  06:20    0.0   17.0   0.00    0.8   10.0  12:07    166
 14   83.1   93.9  15:57   70.8  05:22    0.0   18.1   0.00    0.9   12.0  15:52    160
 15   85.3   96.3  16:25   74.4  06:25    0.0   20.3   0.00    0.8   11.0  11:41    168
 16   84.8   95.0  16:50   75.5  06:31    0.0   19.8   0.00    1.2   11.0  14:21    177
 17   84.7   96.4  16:20   73.1  06:33    0.0   19.7   0.00    1.6   15.0  12:11    179
 18   84.2   95.0  16:45   74.3  07:06    0.0   19.2   0.00    2.1   15.0  13:42    179
 19   82.3   94.0  14:26   67.6  22:07    0.0   17.3   0.63    2.4   25.0  20:35    193
 20   78.8   91.7  17:01   67.9  02:59    0.0   13.8   0.60    1.2   12.0  15:41    222
 21   78.8   87.7  17:35   68.8  12:00    0.0   13.8   0.10    1.6   15.0  08:30    203
 22   80.2   92.4  16:25   67.4  07:57    0.0   15.2   0.66    1.7   26.0  03:18    214
 23   75.9   81.8  00:00   69.5  08:04    0.0   10.9   0.65    0.9   13.0  07:33    345
 24   80.5   90.8  17:06   70.2  06:31    0.0   15.5   0.00    0.8    7.0  11:29     48
 25   81.3   89.5  17:16   73.5  06:42    0.0   16.3   0.00    1.0    9.0  12:19    149
 26   82.8   92.9  14:46   75.7  03:57    0.0   17.8   0.00    2.7   18.0  15:53    183
 27   84.3   93.0  15:44   75.9  06:43    0.0   19.3   0.00    3.0   18.0  14:56    183
 28   82.1   90.4  14:08   77.9  14:41    0.0   17.1   0.13    3.4   19.0  08:45    182
 29   85.3   94.3  15:15   78.6  05:13    0.0   20.3   0.00    4.0   21.0  18:53    182
 30   85.5   94.2  16:19   80.7  05:28    0.0   20.5   0.00    3.6   21.0  01:50    183
---------------------------------------------------------------------------------------
      82.6   98.7     09   64.1     10    0.0  529.1   2.77    1.7   26.0     09    190