NOAA Style Climate Reports


Report for July 2020
                   MONTHLY CLIMATOLOGICAL SUMMARY for Jul 2020


NAME: Allen Weather                  
ELEV: 672 feet    LAT: 33-05.77 N    LONG: 096-41.79 W


                   TEMPERATURE (F), RAIN (in), WIND SPEED (mph)

                                         HEAT   COOL         AVG
      MEAN                               DEG    DEG          WIND                   DOM
DAY   TEMP   HIGH   TIME    LOW   TIME   DAYS   DAYS   RAIN  SPEED   HIGH   TIME    DIR
---------------------------------------------------------------------------------------
 01   86.8   95.9  16:10   79.4  06:42    0.0   21.8   0.00    2.7   15.0  14:30    184
 02   86.0   95.3  14:31   79.1  06:31    0.0   21.0   0.00    1.3   11.0  02:41    186
 03   86.9   99.5  16:59   77.0  04:56    0.0   21.9   0.00    1.0   14.0  20:10    257
 04   85.3   95.8  18:17   75.9  06:29    0.0   20.3   0.00    1.1    9.0  12:49    178
 05   84.8   94.0  16:18   78.5  06:31    0.0   19.8   0.09    0.8    9.0  18:05    137
 06   80.6   90.2  15:54   75.1  23:46    0.0   15.6   1.39    0.7   11.0  19:45    184
 07   80.7   91.5  17:20   73.5  05:34    0.0   15.7   0.00    1.1   11.0  10:30    178
 08   84.9   95.8  17:03   75.3  05:55    0.0   19.9   0.00    1.5   11.0  13:42    181
 09   87.8   97.6  15:37   78.7  06:38    0.0   22.8   0.00    2.4   17.0  17:35    181
 10   86.7   94.6  13:06   79.0  06:47    0.0   21.7   0.00    1.5   14.0  17:55    184
 11   89.4  101.2  16:01   79.4  06:28    0.0   24.4   0.00    1.3   10.0  21:07    185
 12   88.7  100.8  17:08   76.6  07:14    0.0   23.7   0.00    1.5   20.0  03:09    291
 13   91.8  103.5  15:36   81.9  06:11    0.0   26.8   0.00    1.8   14.0  17:03    178
 14   89.8   99.9  16:43   80.0  07:15    0.0   24.8   0.00    2.8   20.0  23:40    181
 15   88.3   98.1  16:09   79.9  06:52    0.0   23.3   0.00    2.6   15.0  00:01    182
 16   89.2  101.0  15:58   80.3  07:34    0.0   24.2   0.00    1.6   10.0  03:04    183
 17   89.3  100.1  15:15   79.3  06:55    0.0   24.3   0.00    1.4   16.0  16:01    177
 18   86.4   95.1  16:16   78.0  06:51    0.0   21.4   0.00    2.0   12.0  16:36    183
 19   87.7   97.4  16:02   78.3  06:49    0.0   22.7   0.00    1.6   11.0  13:02    180
 20   87.7   97.5  15:49   78.4  06:45    0.0   22.7   0.00    1.4   12.0  18:16    178
 21   84.0   94.8  17:05   76.2  06:50    0.0   19.0   0.00    1.5   13.0  17:36    174
 22   85.2   95.8  15:41   76.9  06:01    0.0   20.2   0.00    1.2   10.0  14:46    165
 23   87.1   97.7  15:42   77.9  06:38    0.0   22.1   0.00    1.2   11.0  19:30    157
 24   87.0   96.8  14:56   78.5  06:47    0.0   22.0   0.00    1.2   12.0  17:32    144
 25   84.4   92.6  16:47   77.7  07:14    0.0   19.4   0.00    1.2   10.0  15:52    155
 26   83.9   93.8  15:45   77.2  04:18    0.0   18.9   0.00    1.2   11.0  21:57    173
 27   82.7   92.1  16:50   75.7  06:08    0.0   17.7   0.00    1.0   10.0  02:49    171
 28   78.9   83.1  00:00   74.8  11:26    0.0   13.9   0.11    0.7   16.0  10:55    200
 29   83.9   95.2  16:30   77.0  00:38    0.0   18.9   0.00    1.6   16.0  17:22    181
 30   87.0   99.3  15:57   71.9  23:52    0.0   22.0   0.37    2.6   16.0  18:10    199
 31   80.2   90.5  16:40   71.8  04:42    0.0   15.2   0.03    2.3   16.0  15:06    319
---------------------------------------------------------------------------------------
      85.9  103.5     13   71.8     31    0.0  648.1   1.99    1.5   20.0     12    183