NOAA Style Climate Reports


Report for August 2020
                   MONTHLY CLIMATOLOGICAL SUMMARY for Aug 2020


NAME: Allen Weather                  
ELEV: 672 feet    LAT: 33-05.77 N    LONG: 096-41.79 W


                   TEMPERATURE (F), RAIN (in), WIND SPEED (mph)

                                         HEAT   COOL         AVG
      MEAN                               DEG    DEG          WIND                   DOM
DAY   TEMP   HIGH   TIME    LOW   TIME   DAYS   DAYS   RAIN  SPEED   HIGH   TIME    DIR
---------------------------------------------------------------------------------------
 01   81.6   91.9  16:31   71.7  06:51    0.0   16.6   0.00    0.9    9.0  17:06    319
 02   83.4   94.3  17:17   71.8  06:39    0.0   18.4   0.00    1.1   11.0  10:12    327
 03   82.7   92.6  16:42   73.3  06:42    0.0   17.7   0.00    0.8   10.0  16:34    356
 04   82.2   92.5  15:30   72.6  06:45    0.0   17.2   0.00    1.0    9.0  13:04     77
 05   79.8   88.7  17:53   72.1  10:04    0.0   14.8   0.00    1.4   13.0  09:31    145
 06   85.1   98.7  16:39   74.1  06:44    0.0   20.1   0.00    1.5   13.0  13:39    170
 07   88.6   98.9  16:38   78.4  07:16    0.0   23.6   0.00    2.1   12.0  12:41    181
 08   88.8   99.9  15:51   79.3  06:44    0.0   23.8   0.00    1.9   13.0  10:58    183
 09   89.2  100.1  16:52   79.2  07:01    0.0   24.2   0.00    2.0   13.0  15:54    184
 10   89.6  100.1  16:10   79.6  06:59    0.0   24.6   0.00    2.3   14.0  13:18    185
 11   90.2  100.6  15:33   80.8  06:49    0.0   25.2   0.00    2.0   14.0  01:33    182
 12   90.3  102.6  14:52   82.7  06:51    0.0   25.3   0.00    1.6   10.0  08:30    183
 13   91.4  104.5  16:26   81.1  06:24    0.0   26.4   0.00    1.5   15.0  19:00    184
 14   92.5  105.2  16:29   83.0  07:13    0.0   27.5   0.00    2.0   12.0  01:37    182
 15   91.5  104.3  16:46   79.9  06:57    0.0   26.5   0.00    1.2   11.0  14:52    169
 16   87.5  105.0  15:28   71.5  20:02    0.0   22.5   1.24    1.6   31.0  19:36    280
 17   82.5   95.6  15:56   72.5  06:32    0.0   17.5   0.00    0.7    9.0  16:12    321
 18   84.3   94.0  16:09   73.9  06:58    0.0   19.3   0.00    1.1   13.0  12:43    337
 19   80.6   90.8  15:39   68.6  06:31    0.0   15.6   0.00    0.7   10.0  13:39    341
 20   81.2   92.6  16:17   69.7  07:14    0.0   16.2   0.00    0.8    7.0  09:05    124
 21   81.5   93.3  16:07   68.0  06:50    0.0   16.5   0.00    0.6    9.0  12:41    131
 22   84.9   96.2  16:00   72.8  06:59    0.0   19.9   0.00    0.6   10.0  14:05    149
 23   84.7   96.8  16:35   72.9  06:15    0.0   19.7   0.00    0.6    8.0  13:23    192
 24   85.2   96.4  16:00   74.0  07:12    0.0   20.2   0.00    0.7    9.0  12:57    123
 25   84.7   95.8  16:15   74.0  07:04    0.0   19.7   0.02    0.7    8.0  17:13     98
 26   81.5   92.5  13:26   75.8  23:57    0.0   16.5   0.00    1.1   12.0  16:57    130
 27   80.8   94.3  16:36   72.4  06:33    0.0   15.8   0.00    1.0   12.0  18:20    317
 28   88.7  104.4  15:59   75.7  07:11    0.0   23.7   0.00    1.4   14.0  22:27    193
 29   90.9  106.0  16:45   78.4  06:58    0.0   25.9   0.00    2.2   14.0  01:30    186
 30   85.1   95.9  16:57   72.5  07:57    0.0   20.1   3.13    1.7   15.0  05:44    179
 31   88.9   97.9  17:30   80.7  07:12    0.0   23.9   0.00    1.9   15.0  13:07    181
---------------------------------------------------------------------------------------
      85.8  106.0     29   68.0     21    0.0  645.1   4.39    1.3   31.0     16    183