NOAA Style Climate Reports


Report for September 2020
                   MONTHLY CLIMATOLOGICAL SUMMARY for Sep 2020


NAME: Allen Weather                  
ELEV: 672 feet    LAT: 33-05.77 N    LONG: 096-41.79 W


                   TEMPERATURE (F), RAIN (in), WIND SPEED (mph)

                                         HEAT   COOL         AVG
      MEAN                               DEG    DEG          WIND                   DOM
DAY   TEMP   HIGH   TIME    LOW   TIME   DAYS   DAYS   RAIN  SPEED   HIGH   TIME    DIR
---------------------------------------------------------------------------------------
 01   79.0   88.4  10:32   71.1  19:54    0.0   14.0   1.16    2.2   23.0  11:40    193
 02   75.4   81.2  14:54   72.1  00:00    0.0   10.4   0.53    0.9   11.0  13:11    210
 03   76.5   85.1  15:58   71.5  05:03    0.0   11.5   0.00    0.7   11.0  13:26    188
 04   79.3   89.5  16:18   72.6  04:53    0.0   14.3   0.00    0.7    8.0  16:24    186
 05   81.4   92.4  15:30   74.4  07:04    0.0   16.4   0.00    0.5   10.0  16:39    150
 06   82.2   92.3  16:41   73.8  07:25    0.0   17.2   0.00    1.1   10.0  14:57    193
 07   84.3   95.0  14:57   74.4  07:03    0.0   19.3   0.00    1.6   11.0  11:12    188
 08   81.8   90.8  15:51   74.3  07:38    0.0   16.8   0.00    2.2   15.0  17:23    179
 09   76.1   86.0  14:48   64.8  23:58    0.0   11.1   2.30    1.3   13.0  16:59    275
 10   62.9   68.3  18:24   56.8  07:05    2.1    0.0   1.13    3.0   18.0  08:47    320
 11   70.0   78.6  17:49   63.2  07:12    0.0    5.0   0.00    1.7   11.0  08:15    331
 12   75.9   85.5  16:59   66.4  07:06    0.0   10.9   0.00    0.9   10.0  14:01    330
 13   77.7   87.1  15:55   70.3  07:15    0.0   12.7   0.00    1.1   11.0  13:10    347
 14   77.4   87.4  14:07   68.6  05:45    0.0   12.4   0.00    1.3    9.0  01:52    352
 15   79.3   87.9  15:56   73.2  07:12    0.0   14.3   0.00    1.0    8.0  12:45    350
 16   79.8   87.8  15:47   71.2  07:16    0.0   14.8   0.00    0.7    9.0  16:50    355
 17   79.6   88.3  16:15   72.8  23:59    0.0   14.6   0.00    1.0   10.0  15:33    354
 18   75.4   84.5  16:26   68.2  06:27    0.0   10.4   0.00    1.0   10.0  17:06      6
 19   70.9   79.5  15:38   62.7  07:31    0.0    5.9   0.00    1.0    8.0  09:05     63
 20   62.2   67.7  00:00   59.0  06:33    2.8    0.0   0.00    0.3    5.0  08:56     43
 21
 22
 23
 24
 25
 26
 27
 28
 29
 30
---------------------------------------------------------------------------------------
      76.8   95.0     07   56.8     10    4.9  231.8   5.12    1.2   23.0     01    289