NOAA Style Climate Reports


Report for 2020
                     CLIMATOLOGICAL SUMMARY for year 2020


NAME: Allen Weather                  
ELEV: 672 feet    LAT: 33-05.77 N    LONG: 096-41.79 W


                                       TEMPERATURE (F)

                              HEAT    COOL                              MAX    MAX    MIN    MIN
          MEAN   MEAN         DEG     DEG                                >=     <=     <=     <=
 YR  MO   MAX    MIN    MEAN  DAYS    DAYS      HI  DAY     LOW  DAY     90     32     32      0
------------------------------------------------------------------------------------------------
2020 01   59.1   41.2   49.8  474.4    3.4    80.2   15    29.6   11      0      0      2      0
2020 02   59.3   39.8   49.3  457.0    2.2    79.6   02    26.7   14      0      0      5      0
2020 03   72.3   54.5   62.6  147.3   73.7    90.7   25    39.7   21      1      0      0      0
2020 04   75.6   53.8   64.3  123.6  103.1    95.7   08    37.1   15      3      0      0      0
2020 05   83.8   64.0   73.6    1.5  269.1    93.1   22    52.5   09      6      0      0      0
2020 06   93.1   72.3   82.6    0.0  529.1    98.7   09    64.1   10     25      0      0      0
2020 07   96.0   77.4   85.9    0.0  648.1   103.5   13    71.8   31     30      0      0      0
2020 08   97.5   75.3   85.8    0.0  645.1   106.0   29    68.0   21     30      0      0      0
2020 09   85.2   69.3   77.0    2.1  232.0    95.0   07    56.8   10      4      0      0      0
2020 10
2020 11
2020 12
------------------------------------------------------------------------------------------------
          80.1   60.6   69.9 1206.0 2505.9   106.0  Aug    26.7  Feb     99      0      7      0


                  PRECIPITATION (in)

                  MAX         ---DAYS OF RAIN---
                  OBS.               OVER
 YR  MO  TOTAL    DAY  DATE   0.01   0.10   1.00
------------------------------------------------
2020 01   2.73   0.87    10     12      5      0
2020 02   2.88   1.24    12     12      6      1
2020 03   6.94   1.72    13     16     11      1
2020 04   1.20   0.50    28      8      3      0
2020 05   3.83   1.10    16     12      6      1
2020 06   2.77   0.66    22      6      5      0
2020 07   1.99   1.39    06      5      3      1
2020 08   4.39   3.13    30      3      2      2
2020 09   5.12   2.30    09      4      4      3
2020 10
2020 11
2020 12
------------------------------------------------
         31.85   3.13   Aug     78     45      9


           WIND SPEED (mph)

                                DOM
 YR  MO    AVG     HI   DATE    DIR
-----------------------------------
2020 01    2.2   24.0     10    244 
2020 02    2.6   35.0     24    294 
2020 03    2.1   22.0     01    190 
2020 04    2.0   31.0     28    256 
2020 05    2.0   26.0     08    194 
2020 06    1.7   26.0     09    190 
2020 07    1.5   20.0     12    183 
2020 08    1.3   31.0     16    183 
2020 09    1.3   23.0     01    288 
2020 10
2020 11
2020 12
-----------------------------------
           1.9   35.0    Feb    208